?
59
List the prime factors of (-1 + (-12)/4)/(11/(-2838)).
2, 3, 43
Let l = 1801 - 307. What are the prime factors of l?
2, 3, 83
Suppose -4*m + 8*o = 3*o - 5744, -4*m + 3*o + 5736 = 0. What are the prime factors of m?
3, 53
Let k(c) = 30*c**2 + 6*c - 6. Let m = -48 - -49. What are the prime factors of k(m)?
2, 3, 5
Let l(d) = 8*d**2 + 7*d + 7. What are the prime factors of l(4)?
163
Let u(i) = i**3 + 3*i**2 - 10*i + 6. Let b be u(-5). List the prime factors of b/6*(-567)/(-3).
3, 7
Suppose 0 = 2*v - 4*d - 1610, 0 = 6*v - 2*v + 2*d - 3210. List the prime factors of v.
11, 73
Let x = -198 - -109. Let d = 108 + x. List the prime factors of d.
19
Let c = 5 - 0. Suppose -c*p - 144 = -2*p. Let j = -20 - p. List the prime factors of j.
2, 7
What are the prime factors of (143 - -12)*(-537)/(-15)?
31, 179
List the prime factors of (-1)/((-2)/41*15/30).
41
Let g be (-4)/(56/(-6)) - 55/(-35). Suppose -91 = -g*p - 13. List the prime factors of p.
3, 13
Let v = 214 + -152. List the prime factors of v.
2, 31
Let d = -14 + 24. Let i(h) = -4 + d + 0 - 4*h. List the prime factors of i(-5).
2, 13
Suppose 37*n - 10*n - 110808 = 0. List the prime factors of n.
2, 3, 19
Suppose -f + 88 = 4*b - 44, 3*f - 311 = 5*b. Suppose f = 4*z - 680. List the prime factors of z.
2, 3, 11
Let f(b) = 4*b**2 - 6*b - 4. Let h(w) = w**3 - 4*w**2 - 3*w - 6. Let v be h(5). What are the prime factors of f(v)?
2, 3
Suppose -4 - 8 = -4*w. What are the prime factors of w/(5*(-12)/(-1520))?
2, 19
Suppose -4*t + 1 = -7. What are the prime factors of 0 + t + 5 + (0 - -22)?
29
Let d(k) = 2*k**3 - 96*k**2 - 168*k + 89. List the prime factors of d(50).
3, 563
Let t(a) = -a**2 - a - 8. Let h be t(-4). Let u = h + 66. List the prime factors of u.
2, 23
Suppose -5*n - 4*r + r = -717, -3*n + 427 = 5*r. Let o = n - 98. List the prime factors of o.
2, 23
Let o(u) = 2*u - 2*u + 5 + u. Let r be o(6). Let g = r - -27. List the prime factors of g.
2, 19
Suppose -5*k - 5*r = -4*r + 110, -2*r = k + 22. Let z = k - -25. Suppose -p + z*o + 63 = -0*p, -2*o - 10 = 0. List the prime factors of p.
2, 3
Let o(n) = 3*n**2 - 18*n - 14. What are the prime factors of o(17)?
547
Let j = 15 + 89. What are the prime factors of j?
2, 13
List the prime factors of -7323*(-10)/15 - 108/18.
2, 23, 53
Let k(f) = f + 3. Let n be k(-6). Let j be n*-1*(2 + -1). Suppose -a - j*a = -64. What are the prime factors of a?
2
Let x(i) = 6*i**3 + i**2 - 1. Let z(v) = v**2 + 4*v + 4. Let t(p) = p**3 - 2*p**2 - 3*p - 3. Let f be t(3). Let r be z(f). List the prime factors of x(r).
2, 3
Let x = -205 - -369. What are the prime factors of x?
2, 41
Let j(z) = 43*z + 248. List the prime factors of j(23).
1237
Suppose 5*c = 523 + 732. Suppose 0 = -6*q + c + 97. What are the prime factors of q?
2, 29
Suppose 1 = r, 0 = t + 3*r - 15 - 91. Suppose -2*s + 8 = -s - 5*f, -4*f - t = -5*s. What are the prime factors of s?
23
Let y = 29 - -6. Suppose -2*g - 5*g + y = 0. Suppose -3*w - 138 = -g*l, -w = -3*l + 2*w + 78. What are the prime factors of l?
2, 3, 5
Suppose -41*d + 45*d + 12 = 0. List the prime factors of (7/d)/(-2 - 404/(-204)).
7, 17
Let d(p) = -p**2 + 12*p - 13. Let j be d(10). Suppose j = -z + 32. List the prime factors of (z/2 + -2)*2.
3, 7
Let r(i) = 201*i**2 + 18*i - 5. List the prime factors of r(2).
5, 167
Suppose -c = a - 5*c - 6, -4*c + 50 = 3*a. Let m(i) = 2*i + 7*i - 10 + i**3 + a*i**2 - 7. What are the prime factors of m(-13)?
5, 7
Let v = -27 - -28. Let q = 31 + v. List the prime factors of q.
2
Suppose 797 = 2*z - 1187. What are the prime factors of z?
2, 31
Let h(y) = 15*y**2 - 95*y + 1. List the prime factors of h(8).
3, 67
Let g be 3 + (-9 - -5) - (-505 + 1). Let u = 790 - g. List the prime factors of u.
7, 41
Suppose -f = -0*f - 12. Let i = -8 + f. Suppose 0 = -5*k + i + 11. What are the prime factors of k?
3
What are the prime factors of 267/2*(-98)/(-21)?
7, 89
Suppose -26*n = -36*n + 15610. List the prime factors of n.
7, 223
Suppose 13*b - g = 8*b + 5485, -2*g = 10. List the prime factors of b.
2, 137
Let m = 245 - 181. List the prime factors of m.
2
List the prime factors of (-927)/6*128/(-48).
2, 103
Let q = -81 - -61. What are the prime factors of (-3904)/q + (-2)/10?
3, 5, 13
Suppose 3*b + 5*j - 265 = -2*b, 0 = 3*b + 5*j - 149. What are the prime factors of b?
2, 29
Suppose 4*q = -8*s + 3*s + 1796, -2*s + 2*q + 704 = 0. List the prime factors of s.
2, 89
Suppose -1 = -2*v + v + o, -4*o - 5 = -3*v. What are the prime factors of ((-28)/(-6))/((-119)/(-117) + v)?
3, 7, 13
Let k = -325 + 511. What are the prime factors of k?
2, 3, 31
Let y = -130 - -341. What are the prime factors of y?
211
Suppose 2*i = 12*i - 11650. List the prime factors of i.
5, 233
Let d(z) = -3*z + 1 - 3*z - 6 + 2*z. Let n(j) = 9*j + 11. Let y(q) = -5*d(q) - 2*n(q). What are the prime factors of y(11)?
5
Suppose 3*j - 10 = -2*j. Let t be j/(-11) - (-192)/(-33). List the prime factors of (-498)/(-21) + t/(-21).
2, 3
Suppose z = -z. Suppose 5*b + z*b - 290 = 0. List the prime factors of b.
2, 29
Suppose -5*w + 13 = -4*w. Suppose 884 = -0*n + w*n. What are the prime factors of n?
2, 17
Let a = -47 + 49. List the prime factors of a/9 + (939/27 - 0).
5, 7
Let r = 981 + -651. What are the prime factors of r?
2, 3, 5, 11
Let d = 4213 - 2921. Suppose 0*l - d = -4*l. What are the prime factors of l?
17, 19
Suppose -2*o - 165 = -3*o. Suppose 3*l - o = 132. Suppose -4*j + 2*j - 3*w = -l, 4*j = 4*w + 188. List the prime factors of j.
2, 3
Let g be 6/(6/(-3)) - -5. Suppose g*n + 2 = 8. Suppose -2*w = 4*v - 84, 0 = v + n*v - 2*w - 68. List the prime factors of v.
19
Suppose 2*a - 930 = t, 4*t = -0*t - 16. List the prime factors of a.
463
Let u be 16/12*(-33)/2. Let f = 25 + u. Suppose 88 = f*l + 1. List the prime factors of l.
29
Let o be (-18)/(-27) - 1/((-3)/2707). Suppose -8*j - o + 2855 = 0. List the prime factors of j.
2, 61
Let w(z) = -z**3 - 9*z**2 + 2*z + 4. Let f be w(-9). Let q = f + 14. Suppose -5*a + 23 + 27 = q. List the prime factors of a.
2, 5
Let i = 2079 - 748. List the prime factors of i.
11
Suppose -9*j + 5*j = 60. Let c = -18 - j. What are the prime factors of (-4)/(-4*c/(-126))?
2, 3, 7
Let f = -31 + 110. Let i = f - 2. What are the prime factors of i?
7, 11
Suppose 3*o = -37 - 11. Let g = 26 + o. List the prime factors of g.
2, 5
Let p = -256 + 160. Let r = -88 - p. List the prime factors of r.
2
Suppose -155 = 5*x - p, 5*p - 25 = 2*x + 60. Let w = x + 37. Suppose w*g = 5*g + 76. What are the prime factors of g?
2, 19
Suppose 2*a = -5*a. Suppose a = 13*u - 14*u + 57. What are the prime factors of u?
3, 19
Let d be (-3 - -7) + 1 + -1. Suppose d*f = -f - 5. What are the prime factors of (1 - (f - -3))*-3?
3
Let p = 25 - 18. Suppose -372 = g - p*g. What are the prime factors of g?
2, 31
Suppose 2061*w = 2071*w - 17870. What are the prime factors of w?
1787
Suppose 0*c - 2*c = -18. Suppose -2*x - 3*q + c = -x, 3*x - 2*q + 17 = 0. What are the prime factors of 94*(21/6 + x)?
47
Let k(q) = -q**3 + 14*q**2 + 9*q - 38. List the prime factors of k(10).
2, 113
Let y(v) = -v**2 + 15*v - 7. Let r = 45 + -33. What are the prime factors of y(r)?
29
Let k(f) be the third derivative of 0*f - 1/6*f**4 - 3*f**2 + 0 - 5/3*f**3. What are the prime factors of k(-6)?
2, 7
Let t(r) be the second derivative of 4*r**3/3 - 3*r**2/2 + 11*r. What are the prime factors of t(3)?
3, 7
Suppose 3*o - 51 = 39. Let j = -28 + o. Suppose -j*x - 4 = -66. List the prime factors of x.
31
Suppose -2*z + 170 = -2*c, z = -2*c + c + 79. What are the prime factors of z?
2, 41
Suppose -2*x - 5 - 5 = 0, 2*w - 2*x - 18 = 0. Let h be ((-21)/w)/((-33)/88). Let r = -10 + h. What are the prime factors of r?
2
Suppose 2*i = 3*h + 647, 0 = i - 4*h - 0*h - 336. List the prime factors of i.
2, 79
Let y(r) = -r**3 + r + 19. Let q(t) = 3*t. Let k be q(-7). Let p = k + 21. List the prime factors of y(p).
19
Let s be 23 + 1 + 6 + -9. Let o be (26/4)/(2/(-4)). Let y = o + s. What are the prime factors of y?
2
Suppose 0 = 14*q - 0*q - 896. List the prime factors of q.
2
Suppose -2 = 4*r - 30. Suppose 0 = -3*p - 3*v + 420, r*v - 4*v + 144 = p. List the prime factors of p.
3, 47
Let w(r) = -12*r**3 + 6*r**2 + 32*r + 13. What are the prime factors of w(-6)?
11, 239
Let j(v) = -8*v + 43. Let x be j